[INFO] cloning repository https://github.com/mattias-lundell/imgprxy.rs
[INFO] running `Command { std: "git" "-c" "credential.helper=" "-c" "credential.helper=/workspace/cargo-home/bin/git-credential-null" "clone" "--bare" "https://github.com/mattias-lundell/imgprxy.rs" "/workspace/cache/git-repos/https%3A%2F%2Fgithub.com%2Fmattias-lundell%2Fimgprxy.rs", kill_on_drop: false }`
[INFO] [stderr] Cloning into bare repository '/workspace/cache/git-repos/https%3A%2F%2Fgithub.com%2Fmattias-lundell%2Fimgprxy.rs'...
[INFO] running `Command { std: "git" "rev-parse" "HEAD", kill_on_drop: false }`
[INFO] [stdout] 8019a4efa3b3dbfbb0f4ae97de958b7d6ad783b5
[INFO] building mattias-lundell/imgprxy.rs against master#881c1ac408d93bb7adaa3a51dabab9266e82eee8 for issue-85264
[INFO] running `Command { std: "git" "clone" "/workspace/cache/git-repos/https%3A%2F%2Fgithub.com%2Fmattias-lundell%2Fimgprxy.rs" "/workspace/builds/worker-6/source", kill_on_drop: false }`
[INFO] [stderr] Cloning into '/workspace/builds/worker-6/source'...
[INFO] [stderr] done.
[INFO] validating manifest of git repo https://github.com/mattias-lundell/imgprxy.rs on toolchain 881c1ac408d93bb7adaa3a51dabab9266e82eee8
[INFO] running `Command { std: "/workspace/cargo-home/bin/cargo" "+881c1ac408d93bb7adaa3a51dabab9266e82eee8" "metadata" "--manifest-path" "Cargo.toml" "--no-deps", kill_on_drop: false }`
[INFO] started tweaking git repo https://github.com/mattias-lundell/imgprxy.rs
[INFO] finished tweaking git repo https://github.com/mattias-lundell/imgprxy.rs
[INFO] tweaked toml for git repo https://github.com/mattias-lundell/imgprxy.rs written to /workspace/builds/worker-6/source/Cargo.toml
[INFO] crate git repo https://github.com/mattias-lundell/imgprxy.rs already has a lockfile, it will not be regenerated
[INFO] running `Command { std: "/workspace/cargo-home/bin/cargo" "+881c1ac408d93bb7adaa3a51dabab9266e82eee8" "fetch" "--manifest-path" "Cargo.toml", kill_on_drop: false }`
[INFO] [stderr]  Downloading crates ...
[INFO] [stderr]   Downloaded tokio-io v0.1.5
[INFO] [stderr]   Downloaded envy v0.3.2
[INFO] [stderr]   Downloaded rocket_codegen v0.3.6
[INFO] [stderr]   Downloaded mio v0.6.13
[INFO] [stderr]   Downloaded hyper v0.11.18
[INFO] [stderr]   Downloaded isatty v0.1.6
[INFO] [stderr]   Downloaded num-traits v0.2.0
[INFO] [stderr]   Downloaded state v0.3.3
[INFO] [stderr]   Downloaded serde_derive_internals v0.19.0
[INFO] [stderr]   Downloaded pear_codegen v0.0.12
[INFO] [stderr]   Downloaded rocket v0.3.6
[INFO] [stderr]   Downloaded pear v0.0.12
[INFO] [stderr]   Downloaded yansi v0.3.4
[INFO] [stderr]   Downloaded serde_derive v1.0.27
[INFO] [stderr]   Downloaded reqwest v0.8.4
[INFO] [stderr]   Downloaded resize v0.3.0
[INFO] running `Command { std: "docker" "create" "-v" "/var/lib/crater-agent-workspace/builds/worker-6/target:/opt/rustwide/target:rw,Z" "-v" "/var/lib/crater-agent-workspace/builds/worker-6/source:/opt/rustwide/workdir:ro,Z" "-v" "/var/lib/crater-agent-workspace/cargo-home:/opt/rustwide/cargo-home:ro,Z" "-v" "/var/lib/crater-agent-workspace/rustup-home:/opt/rustwide/rustup-home:ro,Z" "-e" "SOURCE_DIR=/opt/rustwide/workdir" "-e" "CARGO_TARGET_DIR=/opt/rustwide/target" "-e" "CARGO_HOME=/opt/rustwide/cargo-home" "-e" "RUSTUP_HOME=/opt/rustwide/rustup-home" "-w" "/opt/rustwide/workdir" "-m" "1610612736" "--user" "0:0" "--network" "none" "ghcr.io/rust-lang/crates-build-env/linux@sha256:20528e8c29e4536546f0102ce88568b16ea7538393a33fcca951030f7af10457" "/opt/rustwide/cargo-home/bin/cargo" "+881c1ac408d93bb7adaa3a51dabab9266e82eee8" "metadata" "--no-deps" "--format-version=1", kill_on_drop: false }`
[INFO] [stdout] b8478729351edd041e50c794d41639e1a4c91020da3c3aad1a6bb7daa67f1a2d
[INFO] [stderr] WARNING: Your kernel does not support swap limit capabilities or the cgroup is not mounted. Memory limited without swap.
[INFO] running `Command { std: "docker" "start" "-a" "b8478729351edd041e50c794d41639e1a4c91020da3c3aad1a6bb7daa67f1a2d", kill_on_drop: false }`
[INFO] running `Command { std: "docker" "inspect" "b8478729351edd041e50c794d41639e1a4c91020da3c3aad1a6bb7daa67f1a2d", kill_on_drop: false }`
[INFO] running `Command { std: "docker" "rm" "-f" "b8478729351edd041e50c794d41639e1a4c91020da3c3aad1a6bb7daa67f1a2d", kill_on_drop: false }`
[INFO] [stdout] b8478729351edd041e50c794d41639e1a4c91020da3c3aad1a6bb7daa67f1a2d
[INFO] running `Command { std: "docker" "create" "-v" "/var/lib/crater-agent-workspace/builds/worker-6/target:/opt/rustwide/target:rw,Z" "-v" "/var/lib/crater-agent-workspace/builds/worker-6/source:/opt/rustwide/workdir:ro,Z" "-v" "/var/lib/crater-agent-workspace/cargo-home:/opt/rustwide/cargo-home:ro,Z" "-v" "/var/lib/crater-agent-workspace/rustup-home:/opt/rustwide/rustup-home:ro,Z" "-e" "SOURCE_DIR=/opt/rustwide/workdir" "-e" "CARGO_TARGET_DIR=/opt/rustwide/target" "-e" "CARGO_INCREMENTAL=0" "-e" "RUST_BACKTRACE=full" "-e" "RUSTFLAGS=--cap-lints=forbid" "-e" "CARGO_HOME=/opt/rustwide/cargo-home" "-e" "RUSTUP_HOME=/opt/rustwide/rustup-home" "-w" "/opt/rustwide/workdir" "-m" "1610612736" "--user" "0:0" "--network" "none" "ghcr.io/rust-lang/crates-build-env/linux@sha256:20528e8c29e4536546f0102ce88568b16ea7538393a33fcca951030f7af10457" "/opt/rustwide/cargo-home/bin/cargo" "+881c1ac408d93bb7adaa3a51dabab9266e82eee8" "build" "--frozen" "--message-format=json", kill_on_drop: false }`
[INFO] [stdout] 29b2206d7ae01a2468c1bbdbf1a716fd6a75bf1c44a39ac6a4fcef1825774088
[INFO] [stderr] WARNING: Your kernel does not support swap limit capabilities or the cgroup is not mounted. Memory limited without swap.
[INFO] running `Command { std: "docker" "start" "-a" "29b2206d7ae01a2468c1bbdbf1a716fd6a75bf1c44a39ac6a4fcef1825774088", kill_on_drop: false }`
[INFO] [stderr]    Compiling libc v0.2.36
[INFO] [stderr]    Compiling cc v1.0.4
[INFO] [stderr]    Compiling rayon-core v1.3.0
[INFO] [stderr]    Compiling scopeguard v0.3.3
[INFO] [stderr]    Compiling either v1.4.0
[INFO] [stderr]    Compiling num-traits v0.2.0
[INFO] [stderr]    Compiling yansi v0.3.4
[INFO] [stderr]    Compiling openssl v0.9.23
[INFO] [stderr]    Compiling gcc v0.3.54
[INFO] [stderr]    Compiling scoped-tls v0.1.0
[INFO] [stderr]    Compiling color_quant v1.0.0
[INFO] [stderr]    Compiling state v0.3.3
[INFO] [stderr]    Compiling smallvec v0.4.4
[INFO] [stderr]    Compiling pear v0.0.12
[INFO] [stderr]    Compiling scoped_threadpool v0.1.8
[INFO] [stderr]    Compiling resize v0.3.0
[INFO] [stderr]    Compiling base64 v0.6.0
[INFO] [stderr]    Compiling inflate v0.3.4
[INFO] [stderr]    Compiling toml v0.4.5
[INFO] [stderr]    Compiling deflate v0.7.17
[INFO] [stderr]    Compiling envy v0.3.2
[INFO] [stderr]    Compiling url v1.6.0
[INFO] [stderr]    Compiling mime v0.2.6
[INFO] [stderr]    Compiling gif v0.9.2
[INFO] [stderr]    Compiling coco v0.1.1
[INFO] [stdout] error[E0635]: unknown feature `const_atomic_bool_new`
[INFO] [stdout]  --> /opt/rustwide/cargo-home/registry/src/github.com-1ecc6299db9ec823/yansi-0.3.4/src/lib.rs:1:40
[INFO] [stdout]   |
[INFO] [stdout] 1 | #![cfg_attr(feature="nightly", feature(const_atomic_bool_new))]
[INFO] [stdout]   |                                        ^^^^^^^^^^^^^^^^^^^^^
[INFO] [stdout] 
[INFO] [stdout] 
[INFO] [stdout] error: aborting due to previous error
[INFO] [stdout] 
[INFO] [stdout] 
[INFO] [stdout] For more information about this error, try `rustc --explain E0635`.
[INFO] [stdout] 
[INFO] [stderr] error: could not compile `yansi`
[INFO] [stderr] 
[INFO] [stderr] To learn more, run the command again with --verbose.
[INFO] [stderr] warning: build failed, waiting for other jobs to finish...
[INFO] [stdout] error[E0658]: trait bounds other than `Sized` on const fn parameters are unstable
[INFO] [stdout]   --> /opt/rustwide/cargo-home/registry/src/github.com-1ecc6299db9ec823/state-0.3.3/src/container.rs:97:18
[INFO] [stdout]    |
[INFO] [stdout] 97 |             map: UnsafeCell::new(0 as *mut _),
[INFO] [stdout]    |                  ^^^^^^^^^^^^^^^^^^^^^^^^^^^^
[INFO] [stdout]    |
[INFO] [stdout]    = note: see issue #57563 <https://github.com/rust-lang/rust/issues/57563> for more information
[INFO] [stdout]    = help: add `#![feature(const_fn_trait_bound)]` to the crate attributes to enable
[INFO] [stdout] 
[INFO] [stdout] 
[INFO] [stdout] error[E0658]: trait bounds other than `Sized` on const fn parameters are unstable
[INFO] [stdout]   --> /opt/rustwide/cargo-home/registry/src/github.com-1ecc6299db9ec823/state-0.3.3/src/container.rs:97:34
[INFO] [stdout]    |
[INFO] [stdout] 97 |             map: UnsafeCell::new(0 as *mut _),
[INFO] [stdout]    |                                  ^^^^^^^^^^^
[INFO] [stdout]    |
[INFO] [stdout]    = note: see issue #57563 <https://github.com/rust-lang/rust/issues/57563> for more information
[INFO] [stdout]    = help: add `#![feature(const_fn_trait_bound)]` to the crate attributes to enable
[INFO] [stdout] 
[INFO] [stdout] 
[INFO] [stdout] error[E0658]: trait bounds other than `Sized` on const fn parameters are unstable
[INFO] [stdout]   --> /opt/rustwide/cargo-home/registry/src/github.com-1ecc6299db9ec823/state-0.3.3/src/storage.rs:58:6
[INFO] [stdout]    |
[INFO] [stdout] 58 | impl<T: Send + Sync + 'static> Storage<T> {
[INFO] [stdout]    |      ^
[INFO] [stdout]    |
[INFO] [stdout]    = note: see issue #57563 <https://github.com/rust-lang/rust/issues/57563> for more information
[INFO] [stdout]    = help: add `#![feature(const_fn_trait_bound)]` to the crate attributes to enable
[INFO] [stdout] 
[INFO] [stdout] 
[INFO] [stdout] error: aborting due to 3 previous errors
[INFO] [stdout] 
[INFO] [stdout] 
[INFO] [stdout] For more information about this error, try `rustc --explain E0658`.
[INFO] [stdout] 
[INFO] [stdout] error[E0713]: borrow may still be in use when destructor runs
[INFO] [stdout]    --> /opt/rustwide/cargo-home/registry/src/github.com-1ecc6299db9ec823/url-1.6.0/src/form_urlencoded.rs:261:40
[INFO] [stdout]     |
[INFO] [stdout] 259 | impl<'a> Target for ::UrlQuery<'a> {
[INFO] [stdout]     |      -- lifetime `'a` defined here
[INFO] [stdout] 260 |     fn as_mut_string(&mut self) -> &mut String { &mut self.url.serialization }
[INFO] [stdout] 261 |     fn finish(self) -> &'a mut ::Url { self.url }
[INFO] [stdout]     |                                        ^^^^^^^^ - here, drop of `self` needs exclusive access to `*self.url`, because the type `UrlQuery<'_>` implements the `Drop` trait
[INFO] [stdout]     |                                        |
[INFO] [stdout]     |                                        returning this value requires that `*self.url` is borrowed for `'a`
[INFO] [stdout] 
[INFO] [stdout] 
[INFO] [stdout] error: aborting due to previous error
[INFO] [stdout] 
[INFO] [stdout] 
[INFO] [stdout] For more information about this error, try `rustc --explain E0713`.
[INFO] [stdout] 
[INFO] [stderr] error: build failed
[INFO] running `Command { std: "docker" "inspect" "29b2206d7ae01a2468c1bbdbf1a716fd6a75bf1c44a39ac6a4fcef1825774088", kill_on_drop: false }`
[INFO] running `Command { std: "docker" "rm" "-f" "29b2206d7ae01a2468c1bbdbf1a716fd6a75bf1c44a39ac6a4fcef1825774088", kill_on_drop: false }`
[INFO] [stdout] 29b2206d7ae01a2468c1bbdbf1a716fd6a75bf1c44a39ac6a4fcef1825774088
